4*g + 176 - 16 = 0. Let w = 5 - 3. Suppose a = -4, -g = -4*b + w*a - 0. What is the remainder when 29 is divided by b?
5
Suppose -5*x = 5*w - 25, -16*w = -3*x - 13*w + 9. What is the remainder when 8 is divided by x?
0
Let n(v) = v**3 + 3*v**2 - 4. Let o be n(-2). Suppose 12 = -o*f + 4*f. What is the remainder when (1/(-2))/(3/(-18)) is divided by f?
0
Suppose 1217*l = 1204*l + 104. Calculate the remainder when 110 is divided by l.
6
Suppose 224 = 20*v + 8*v. Calculate the remainder when 164 is divided by v.
4
Suppose -3*n - 5*t + 24 = 0, -3*t + 24 = 3*n + 2*n. Let m = -1048 - -1057. What is the remainder when m is divided by n?
0
Let o(l) = -9*l - 13. Let b(a) = 2*a**2 - 9*a - 251. Calculate the remainder when b(-12) is divided by o(-7).
45
Suppose -537 = -8*b + 167. What is the remainder when b is divided by 18?
16
Let o = -10 + 15. Let k = -62 + 64. Let f(z) = 12*z - 19. What is the remainder when f(k) is divided by o?
0
Let q be (-2)/3 + 10/6. Suppose -q = 3*r + 2, -71 = -5*m - 4*r. Calculate the remainder when 46 - 2 - (1 - -1) is divided by m.
12
Let t be -4 + 2*(7 - 3). Let u be 15/(-30) + 14/t. Calculate the remainder when 11 is divided by (-7)/((-6)/u + 1).
4
Suppose 2*r - 2 = h - 0*r, 3*h - 18 = -2*r. Suppose -5*d + h*n = -165, -2*d - 4*n + 97 = 3. Calculate the remainder when d is divided by 13.
11
Suppose 15 = 3*f + 3*t - 84, 2*f + t - 66 = 0. What is the remainder when (-21)/273 + 6245/65 is divided by f?
30
Let l be 0*4/(-8) - -11. Let m = 10 - l. Calculate the remainder when 37 is divided by (m - -3)/((-2)/(-10)).
7
Suppose 47*m - 6539 + 617 = 0. Calculate the remainder when m is divided by 22.
16
Let o(k) = -k**2 - 12*k - 12. Let i = 12 - 22. Calculate the remainder when 29 is divided by o(i).
5
Let d(m) = 12*m - 8. Let u be d(11). Suppose -q = 20 - u. Calculate the remainder when q is divided by 21.
20
Suppose -3*g + 27 = -3*w, 2*g = 3*w + 2*w + 30. Suppose -3*l = g*l - 264. What is the remainder when 97 is divided by l?
31
Let u = 446 - 418. Calculate the remainder when 379 is divided by u.
15
Suppose 4*b + 6 = 7*b + 3*o, b + 2 = -5*o. Suppose 2*y = 5*l + 22, -y - 5*l + 10 = 14. What is the remainder when y is divided by b?
0
Let u be 8 + -4 + (-2 - -7). Let o = 7 + -9. Calculate the remainder when u/o*20/(-15) is divided by 2.
0
Let i = -3 + 67. Suppose 5*f + 9 = i. Suppose 21 = 4*y - 3*j - f, -y = -j - 7. What is the remainder when y is divided by 6?
5
Suppose -3*c + 56 = 4*l - 77, -5*l + 5*c = -140. What is the remainder when 153 is divided by l?
29
Let o be (24/(-120))/(2/(-3730)). Suppose 2*m = -10, 11 = -2*r + 2*m + o. What is the remainder when r is divided by 20?
16
Let d(v) = 2*v - 28. Let b be d(15). Suppose -p - b*p = -15. What is the remainder when 9 is divided by p?
4
Let t be (4 + -2)*(-2 - -3). What is the remainder when (1/3)/(t/270) is divided by 23?
22
Suppose -j - 111 = -3*r, 3*j = -2*r + 2*j + 69. Calculate the remainder when r is divided by 10.
6
Let m(w) = 2*w**2 - 8*w - 4. Let c = -124 + 119. Calculate the remainder when m(c) is divided by 22.
20
Let r = 30 + -74. What is the remainder when 65 is divided by (-8)/r + 185/11?
14
Let w be -5*6/75 - 802/(-5). Suppose 207 = 2*z - i, i = 5*z - w - 365. What is the remainder when z is divided by 12?
10
Calculate the remainder when 1 + ((-108)/4)/(-3) is divided by 7.
3
Suppose c = -3*b + 352, -2*b + 139 = -b - 4*c. Calculate the remainder when b is divided by 12.
11
Calculate the remainder when 36 is divided by 10 + -5 + 4 + -5.
0
Suppose 0 = 3*u - 12, -11*n + 16*n = -5*u + 335. Calculate the remainder when n is divided by 22.
19
Let t = 13 - 3. Let w = 18 - t. Suppose -3*x = -0*x - 42. Calculate the remainder when x is divided by w.
6
Let h(b) = 3*b**2 + 45*b + 19. What is the remainder when h(-16) is divided by ((-7)/(-3))/(1/6)?
11
Let k = 430 + -229. Calculate the remainder when k is divided by 67.
0
Suppose 64 = 3*r + 5*b - 105, 5*b - 25 = 0. What is the remainder when 128 is divided by r?
32
Let b be -2*2/(-2) + 54. Let x = 83 - b. Suppose 10*a + 432 - 1492 = 0. What is the remainder when a is divided by x?
25
Suppose 0 = l - 4*n + 3, 3*n + 10 + 2 = 0. Let i = -27 - l. What is the remainder when 16 is divided by ((-36)/(-16))/((-3)/i)?
4
Suppose -5*y = -20, -y - 5 = c - 23. Suppose 8 = 4*g + 3*v - 0*v, -5*g = -5*v - 10. Suppose -g*t + 4*t - 50 = 0. Calculate the remainder when t is divided by c.
11
Let a(t) = 9*t**2 + 3*t - 2. Let w = -383 - -419. Calculate the remainder when a(-3) is divided by w.
34
Let d = -2279 - -2728. What is the remainder when d is divided by 41?
39
Suppose -2*u + 4*u = 10. Suppose 4*j - 4*f + 45 - 17 = 0, -u*j - 47 = f. What is the remainder when (3/j)/(6/(-414)) is divided by 12?
11
Suppose -3*z - 2 = 4. Let a be (z + 4)/(-2) + 58. Let h = a + -34. What is the remainder when 66 is divided by h?
20
Suppose 0 = -6*p - 41 + 125. Calculate the remainder when 173 is divided by p.
5
What is the remainder when 247 is divided by 17424/324 - 2/(-9)?
31
Suppose 11*k - 120 = 7*k. What is the remainder when k is divided by 12?
6
Let g(w) = -w - 9. Let x be g(-9). Suppose 4*v - 3*o - 59 + 19 = x, 3*v - 35 = o. Calculate the remainder when v is divided by 7.
6
Suppose 0 = -g + 5 + 5. Let f(b) = 6*b**2 + 4*b - 1. What is the remainder when f(4) is divided by -70*(-2 + 16/g)?
27
Let t(u) = 5*u**2 - 3*u + 2. Suppose -2*h - 4*m = -222, 2*h - 4*m = 269 - 47. What is the remainder when h is divided by t(3)?
35
Suppose -d + 2*t - t - 2 = 0, -2 = 4*d - t. Suppose 2*l - u = -0*u + 31, -l - 2*u + 28 = d. Calculate the remainder when l is divided by 10.
8
Let k = -119 + 119. Suppose -2*n + 0*x = -x - 84, k = 4*n + 2*x - 168. Calculate the remainder when n is divided by 22.
20
Suppose -24 = -3*y + 6. Let p be ((-6)/(-7))/(3/21). Suppose 4*x - y = p. What is the remainder when 17 is divided by x?
1
Let y = -14 + 2. Let c = -12 - y. Suppose -20 + 65 = 3*q + 3*f, c = 3*q + f - 39. What is the remainder when 22 is divided by q?
10
Let u = 1 + 2. Suppose 0 = -3*k + 4*k + 5*s + 3, u*k - 10 = 4*s. Suppose 0 = 3*a + 5*o + 2 - 18, 5*a - 2 = 4*o. Calculate the remainder when a is divided by k.
0
Suppose 2*c - 9 - 213 = -2*i, 0 = 3*c - 5*i - 373. What is the remainder when 810 is divided by c?
114
Let p be 1/(3/(-18)*1). Let w be -1*(p/2 - 0). Suppose w*f = 2*n - n + 110, 5*f = -n + 170. What is the remainder when f is divided by 9?
8
Let z = -434 - -212. Calculate the remainder when 72 is divided by ((-5)/6)/5*z.
35
Suppose -3*b + 0*b = -2*j - 83, -56 = -2*b + 2*j. Calculate the remainder when 134 is divided by b.
26
Suppose 12 = -14*m + 17*m. Suppose m*h = 23 + 21. Calculate the remainder when h is divided by 5.
1
Let o(j) = 2*j**2 + 6*j - 3. Suppose -13*k = -11*k - 126. Calculate the remainder when k is divided by o(-5).
12
Suppose 40*y = 18*y + 3102. What is the remainder when y is divided by 29?
25
Let u(i) = i**3 - 9*i**2 + i + 12. Let o be ((-9)/5)/((-1)/5). Calculate the remainder when u(o) is divided by (1 - 0) + 7/3*3.
5
Let m(s) = -s**2 + 9*s + 17. Suppose -10 = -p - 0. What is the remainder when 20 is divided by m(p)?
6
Suppose -k + 69 = 2*k. Suppose 3*s - 5*g - 331 = 0, -1132*s + 4*g = -1131*s - 108. Calculate the remainder when s is divided by k.
20
Suppose -2*c - 7 = -11. Suppose c*o - 3 - 45 = 0. Calculate the remainder when o is divided by 7.
3
Let w(z) = -4*z + 51. Calculate the remainder when (-304)/(-6)*54/24 is divided by w(7).
22
Suppose -35 = 3*z + 4*z. Let t be (2 + z)/((-33)/1001). Calculate the remainder when 33 is divided by 651/t + (-2)/13.
5
Let b(u) = u + 123. Suppose 3*r = 26 - 98. Let a = r + 49. Calculate the remainder when b(0) is divided by a.
23
Let w = 103 - 188. Let n = 121 + w. Let z = -160 + 179. What is the remainder when n is divided by z?
17
Let c be (-136 - -2)*2/4. Let v = c - -230. Calculate the remainder when v is divided by 33.
31
Suppose 318 = 16*t - 13*t. Calculate the remainder when t is divided by 24.
10
Suppose 4*y + 3 = -9. Let n be (190 - 1)*y/(-9). Suppose 5*m + 8 - n = 0. What is the remainder when 20 is divided by m?
9
Let x(n) = n**3 - 6*n + 12. Let p be x(0). Suppose -169*h + p = -168*h. Calculate the remainder when 107 is divided by h.
11
Suppose -5*w = 4*p - 25, -5*w = 3*p - 4*p - 25. What is the re